se
Is 6056549 prime?
True
Is 598141 composite?
False
Is 1641907 composite?
False
Is 11103569 a prime number?
True
Is 102256201 a composite number?
False
Is 40309 a prime number?
False
Is 16852529 a prime number?
True
Is 1788361 a prime number?
True
Is 5397023 prime?
False
Is 261907 a composite number?
True
Is 50245477 a prime number?
True
Is 15103223 composite?
True
Is 146517427 a composite number?
True
Is 2087662 a composite number?
True
Is 23892287 composite?
False
Is 687006347 a prime number?
True
Is 893147 composite?
False
Is 6974321 a composite number?
False
Is 19445539 composite?
False
Is 6499331 a composite number?
False
Is 1091235571 prime?
True
Is 22288967 a prime number?
True
Is 3899279 a composite number?
False
Is 377721931 a prime number?
True
Is 1369241 a composite number?
True
Is 114529427 a composite number?
True
Is 10671571 composite?
False
Is 12536813 composite?
True
Is 1517679627 a composite number?
True
Is 215551855 a prime number?
False
Is 3318281 a composite number?
True
Is 1602929 composite?
False
Is 1429639 composite?
True
Is 42475211 composite?
False
Is 82109363 a composite number?
True
Is 57011 composite?
True
Is 4634611 composite?
True
Is 14815699 prime?
True
Is 843929 a composite number?
True
Is 48392747 composite?
True
Is 20030011 composite?
False
Is 764783 prime?
True
Is 1022009 prime?
False
Is 1577873 a prime number?
False
Is 139371313 prime?
False
Is 1868303 a prime number?
False
Is 382121 composite?
True
Is 4766107 a prime number?
True
Is 28095709 composite?
False
Is 1513235 prime?
False
Is 3241093 a prime number?
True
Is 77978347 prime?
False
Is 96882787 prime?
False
Is 7395547 a prime number?
True
Is 156790209 composite?
True
Is 8187409 a prime number?
True
Is 2618158 a composite number?
True
Is 117255617 a composite number?
False
Is 3668873 a prime number?
False
Is 447533 prime?
False
Is 2018179 a prime number?
False
Is 66744803 composite?
False
Is 31651265 a composite number?
True
Is 56491937 a composite number?
False
Is 791477 a composite number?
True
Is 436954129 a composite number?
True
Is 8328253 a prime number?
True
Is 54644183 composite?
True
Is 16595521 a composite number?
False
Is 29430787 composite?
True
Is 13044307 composite?
True
Is 1943153 a prime number?
False
Is 641308453 a prime number?
True
Is 10653157 a composite number?
False
Is 785006503 a prime number?
True
Is 10362179 a prime number?
False
Is 109333591 a prime number?
True
Is 205253211 prime?
False
Is 867719 composite?
False
Is 1264699 a composite number?
False
Is 130971877 a composite number?
False
Is 58196807 composite?
False
Is 108396019 prime?
False
Is 592028233 composite?
True
Is 27867893 composite?
False
Is 2495083 composite?
True
Is 8827631 prime?
False
Is 36006859 composite?
True
Is 20845631 a prime number?
True
Is 24031003 a composite number?
False
Is 1132825195 a composite number?
True
Is 2056699 prime?
False
Is 4033891 a prime number?
True
Is 8239717 a composite number?
False
Is 1756127 composite?
False
Is 42612451 composite?
True
Is 7577309 prime?
True
Is 37659421 a composite number?
False
Is 14969167 composite?
False
Is 1434281 a prime number?
True
Is 11278741 a composite number?
True
Is 21195989 composite?
False
Is 3935947 a prime number?
True
Is 356947 prime?
True
Is 130449149 a composite number?
True
Is 147616855 a composite number?
True
Is 1478683 a composite number?
False
Is 28920287 a prime number?
False
Is 281809673 prime?
True
Is 5325511 composite?
False
Is 357649 composite?
False
Is 66515563 prime?
False
Is 16052791 composite?
True
Is 213567313 a composite number?
True
Is 578441 composite?
False
Is 1934893 prime?
False
Is 561950409 a composite number?
True
Is 4416491 composite?
True
Is 23119241 composite?
True
Is 2123897 a composite number?
False
Is 3074081 a prime number?
True
Is 8249677 a composite number?
True
Is 296071 prime?
True
Is 12863973 composite?
True
Is 287203291 composite?
False
Is 19700179 prime?
False
Is 41911073 composite?
True
Is 526531 prime?
True
Is 44682397 prime?
False
Is 3621199 a composite number?
False
Is 8348843 a composite number?
False
Is 53028379 composite?
False
Is 1603561 composite?
True
Is 18295247 a composite number?
True
Is 7172117 composite?
True
Is 7077061 prime?
True
Is 24345679 a composite number?
True
Is 6180041 prime?
False
Is 10120813 composite?
True
Is 276055181 prime?
True
Is 19510627 prime?
False
Is 9490181 a prime number?
True
Is 1825963 a composite number?
False
Is 8229127 prime?
False
Is 129737 a composite number?
False
Is 5991059 a composite number?
False
Is 4698047 a composite number?
False
Is 106420163 composite?
False
Is 6869314 prime?
False
Is 16438043 a prime number?
False
Is 5809829 a composite number?
False
Is 4051259 prime?
False
Is 98870417 prime?
False
Is 478069429 composite?
False
Is 12925859 composite?
False
Is 28389967 prime?
True
Is 10103077 a composite number?
True
Is 267227 prime?
True
Is 5771057 composite?
False
Is 42673801 composite?
False
Is 331028351 composite?
True
Is 41776283 composite?
False
Is 279518377 prime?
False
Is 2548813 a composite number?
False
Is 133252837 a prime number?
True
Is 219866501 composite?
False
Is 33288077 a composite number?
False
Is 2944493 prime?
True
Is 31642597 composite?
True
Is 95126701 a prime number?
True
Is 375170611 a prime number?
True
Is 38504629 a composite number?
False
Is 311287241 composite?
True
Is 153957319 a prime number?
False
Is 610787 prime?
True
Is 125553613 composite?
False
Is 353596573 a composite number?
True
Is 6817157 prime?
True
Is 1843183 prime?
True
Is 15935237 a prime number?
False
Is 11574131 prime?
True
Is 2149933 a composite number?
False
Is 53965511 prime?
False
Is 13145469 composite?
True
Is 51027349 a composite number?
True
Is 619925093 a prime number?
True
Is 30052263 a composite number?
True
Is 1265299703 composite?
False
Is 1067611 composite?
False
Is 68362171 a composite number?
True
Is 9843514 a composite number?
True
Is 180895469 composite?
False
Is 8310929 composite?
True
Is 140355497 prime?
False
Is 7365767 a composite number?
False
Is 1948021 a prime number?
True
Is 261761041 a prime number?
True
Is 1997531 a composite number?
False
Is 2110657 a composite number?
False
Is 18206443 a composite number?
False
Is 4054823 a prime number?
False
Is 29339759 prime?
False
Is 6032561 prime?
False
Is 5082893 a prime number?
False
Is 23247737 a composite number?
True
Is 18523439 a prime number?
False
Is 471698 prime?
False
Is 3116957 prime?
False
Is 42433639 a composite number?
False
Is 1791191 prime?
True
Is 18762313 a prime number?
False
Is 2213963 prime?
True
Is 11767303 composite?
False
Is 24251198 prime?
False
Is 244017047 prime?
True
Is 2398373 a prime number?
False
Is 12325681 composite?
False
Is 23933479 a prime number?
True
Is 1173343 prime?
True
Is 1596638 a prime number?
False
Is 3115007 prime?
False
Is 138679 a prime number?
True
Is 286200073 a composite number?
False
Is 4606313 prime?
True
Is 5331983 prime?
True
Is 41365081 prime?
True
Is 3722933 composite?
True
Is 5154745 a prime number?
False
Is 697461703 a prime number?
False
Is 7903613 a prime number?
True
Is 3973007 a composite number?
False
Is 4896097 a composite number?
True
Is 1025016007 prime?
True
Is 210367 composite?
True
Is 148069 a prime number?
False
Is 1785281 a composite number?
True
Is 3611119 prime?
True
Is 1580519 a prime number?
False
Is 70641643 composite?
True
Is 6927559 a composite number?
False
Is 2469149 composite?
False
Is 668610497 prime?
True
Is 1918643 prime?
True
Is 41129183 a prime number?
False
Is 1309201 a prime number?
False
Is 377489119 a composite number?
True
Is 1700179 a composite number?
True
Is 162560221 a prime number?
False
Is 155530411 prime?
True
Is 1181611 prime?
True
Is 6313379 composite?
False
Is 163294981 a composite number?
False
Is 676859 a composite number?
False
Is 703081 prime?
True
Is 5545339 a prime number?
True
Is 7912159 a prime number?
True
Is 35897947 prime?
False
Is 16671079 a prime number?
True
Is 11993699 a prime number?
True
Is 14147543 a prime number?
True
Is 257885 composite?
True
Is 2494472063 a prime number?
True
Is 1865371 a composite number?
False
Is 3646331 composite?
True
Is 13500755 prime?
False
Is 391331 prime?
True
Is 14747947 prime?
False
Is 2428474